er when k is divided by 19?
17
Suppose -71 - 73 = 4*y. Let f = -5 - y. What is the remainder when f is divided by 14?
3
Let b(t) = t**2 - 21*t - 39. What is the remainder when (122 - (1 - -2)) + -2 is divided by b(23)?
5
Suppose 385 = 3288*m - 3281*m. Calculate the remainder when m is divided by 37.
18
Suppose -3*d = -4*y - 19, 7*y = 4*y - 2*d - 10. What is the remainder when 6/(-4) - (626/y + -1) is divided by 53?
50
Suppose -y = -p + 3*y - 26, 32 = -2*p + 4*y. Let h(r) = -r**2 - 9*r - 11. Calculate the remainder when 2*9 + 0/8 is divided by h(p).
4
Let k(m) = 12*m. Let z be k(-1). Let y = z + 19. Calculate the remainder when 2/4*2 + 25 is divided by y.
5
Let v be 1/((-1)/(-6)*-3). Let c = 48 - 30. Calculate the remainder when c is divided by ((-1)/v)/((-4)/(-56)).
4
Let u(j) = j**2 - 4*j - 2. Let w be u(5). Suppose -w*i - 1 = -b - 0*i, -2*i + 25 = 3*b. What is the remainder when b is divided by 1 + ((-2)/10)/(3/(-15))?
1
Let d(v) = 25*v - 346. Calculate the remainder when d(23) is divided by 16.
5
Let d = 20 - 16. Let p be (-80)/30*(-81)/d. Suppose -5*s = -p - 86. Calculate the remainder when s is divided by 10.
8
Let i = -112 - -118. Let r = 4 + -2. Let n = i - r. Calculate the remainder when 14 is divided by n.
2
Let t be (-10)/(-4)*3/((-3)/2). Let g(i) = -14*i - 56. What is the remainder when 43 is divided by g(t)?
1
Calculate the remainder when (495/(-180))/(1/(-12)) is divided by 25.
8
Let d(y) = 9*y - 2*y + 7*y + 2*y - 10 - 2*y**2. Let q be d(7). Suppose 4*t = q*o + 40, 2*o - 16 = -4*t + 2*t. What is the remainder when t is divided by 3?
0
Suppose 0 = 14*z - 18*z. Suppose z = 7*y - 44 - 250. Calculate the remainder when y is divided by 15.
12
Suppose 3*v + 0 = 9. Suppose v*w - 70 = 4*s, 5*s = -5*w - 0*s + 70. Calculate the remainder when 65 is divided by w.
11
Let l = -9 - -16. Let v = 16 - l. Calculate the remainder when 120/v + (-6)/(-9) is divided by 6.
2
Let z = 7 - 4. Suppose -29 = -z*y + r + 4*r, -4*r = -2*y + 16. Let x = 36 - y. Calculate the remainder when x is divided by 7.
4
Let p(h) = 2*h - 23. What is the remainder when ((-11)/(-4))/((-2)/(-48)) is divided by p(20)?
15
Let w be 6/3*2 + 1. Suppose 3*r - 33 = -3*f, -w*r + 37 = 3*f - 6. What is the remainder when f is divided by 4?
2
Suppose -4*s + 216 = 4*t, -76*s + 78*s - t = 114. What is the remainder when 221 is divided by s?
53
Suppose 52 = s + 5*z, 11*s = 6*s - 2*z + 375. What is the remainder when 119 is divided by s?
42
Let o = -12 + 16. Suppose o*q - 5 = 3*q. Suppose q*h - 54 = 21. Calculate the remainder when h is divided by 6.
3
Suppose 3*y + 11 = -w + 174, -3*y + 4*w + 143 = 0. Let l = y - 41. What is the remainder when 20 is divided by l?
8
Let f(t) = -23*t. Let p be -2*4/(-8) + 4. Suppose -p*q + 10 = -7*q. Calculate the remainder when f(q) is divided by 29.
28
Let w be -1*1 - (-10 + (0 - -5)). Suppose -9*i = -w*i - 85. What is the remainder when 63 is divided by i?
12
Suppose 2*o - 6 = 2*v, -4*v = 9 + 3. Suppose -l - 3 = -o. Calculate the remainder when 27 is divided by 82/6 + (-1)/l.
13
Suppose 3*q = 2*q + 45. Let m(b) = 2*b**2 - 35*b - 19. Let a be m(18). Let v(s) = -12*s**3 + s + 1. What is the remainder when q is divided by v(a)?
9
Suppose 0 = -18*a - a + 3306. Calculate the remainder when a is divided by 10.
4
Suppose -4*l - 3*i = -6*i - 2, 2*l = -5*i + 14. Suppose -l*g + 108 = g. Calculate the remainder when g is divided by (-120)/(-9) + (-1)/3.
10
Let f(i) = -20*i. Let u(p) = p**3 + 13*p**2 + p + 12. Let a be u(-13). Let y(q) = 5*q + 1. What is the remainder when f(a) is divided by y(2)?
9
Let m = 119 + -30. What is the remainder when m is divided by 3?
2
Suppose -2*v - 16 = -22. Suppose -2 = -v*r + 4. Suppose -5*f = -f - 8, -3*o - r*f = -70. What is the remainder when o is divided by 6?
4
Let g = 22 - 16. Suppose 0 = -3*r - 3*f + g, -4*r + 3*f + 5 - 4 = 0. Calculate the remainder when r/(-4) - (-330)/8 is divided by 14.
13
What is the remainder when (29760/(-28))/(-3) + 16/(-56) is divided by 71?
70
Suppose 5*s + 29 = 4*d + 69, 0 = -s - d + 17. Calculate the remainder when 155 is divided by s.
11
Suppose 4*y + 131 = -m + 508, 0 = 2*y + 5*m - 211. Suppose 27 = 6*w - y. What is the remainder when 0 + -4 + 0 + w is divided by 7?
2
Suppose 3*i - 4*s - 110 = s, 0 = 5*i - 4*s - 205. Suppose -20*v - 30 = -25*v. Suppose -v*w = -w - i. Calculate the remainder when 33 is divided by w.
6
Let k = 318 - 294. Calculate the remainder when 32 is divided by k.
8
Let f be (-1 - 1)/(-2) - -6. Suppose -v = -f*v + 24. Calculate the remainder when 10 is divided by v.
2
What is the remainder when (-4)/(-18) - (4522/(-63) - 0) is divided by 39?
33
What is the remainder when 54 is divided by -1 + 0 - (-34 - 0)?
21
Let v(f) = f + 2. Suppose 8*z = 3*z + g + 40, 0 = -4*z + 3*g + 43. Let l be v(z). Suppose 2*m - l = 3. What is the remainder when 33 is divided by m?
3
Suppose 44 = 2*h - b, -10*b = -7*b. What is the remainder when 152 is divided by h?
20
Suppose 0 = -9*v + 5*v + 64. Let i be -1 - ((-9)/3)/1. Suppose i*q = q, 2*c - 122 = -3*q. Calculate the remainder when c is divided by v.
13
Let y = -16 - -20. Suppose 655 = r + y*r. Suppose -4*g - 4*p + 192 = 0, 0 = 3*g + 5*p - r - 19. Calculate the remainder when g is divided by 16.
13
Let r(j) = 40*j + 51. What is the remainder when r(7) is divided by 85?
76
Let x(g) = g**2 + 3 - 10*g - 2*g**2 - 2*g**2 + 5*g**2. Suppose -3*t + t = -5*f + 16, 2*t = 4. What is the remainder when x(6) is divided by f?
3
Let a(d) = -d + 13. Let o(k) = -7*k**3 + k**2 - k. Let m be o(1). Let w = 2 - m. Calculate the remainder when a(-3) is divided by w.
7
Let i(u) = 2*u**2 - u - 3. Let o = -67 - -57. What is the remainder when i(-4) is divided by 3*177/45 - 2/o?
9
Let z be (27*3/15)/((-7)/(-35)). What is the remainder when 50 is divided by z + (-3)/3 + 1?
23
Suppose g - 56 = 15*g. Calculate the remainder when -1 + g - (-1045)/5 is divided by 16.
12
Let o = -959 - -976. What is the remainder when 98 is divided by o?
13
Let c(j) = 8*j**3 + 2*j**2. Let m be c(2). Suppose 8*a - m = 4*a. Suppose -46*o + 3825 = 34*o - 5*o. Calculate the remainder when o is divided by a.
15
Suppose -w = -7*w + 474. Suppose 0 = -3*h - 5*z + 58, h + 5*z = -3*h + w. What is the remainder when 73 is divided by h?
10
Suppose -2*s = p - 65, 3*p + s = 8*p - 292. Calculate the remainder when p is divided by 20.
19
Let t(y) = -54 - 2*y**2 + 3*y**2 + 53 - y. Calculate the remainder when 34 is divided by t(-4).
15
Suppose 4*a - 116 = -0*a. Suppose 0 = 4*t + 34*b - 36*b - 564, 4*b = -3*t + 445. Calculate the remainder when t is divided by a.
27
Let f = -2 + 3. Let c(d) = 14*d**2 - d + 1. Let i(n) = 11*n**2 + 264*n + 4. What is the remainder when c(f) is divided by i(-24)?
2
Let u = 28 - 30. What is the remainder when -90*(-1 - 1/u) is divided by 24?
21
Let p be 1/1 + 11 + -21. Let d be (-9)/(-6)*(-120)/p. Suppose 22*z = d*z + 36. Calculate the remainder when 69 is divided by z.
15
Suppose -7*m + 1700 = -5*m. Let f be m/119 - 1/7. What is the remainder when 15 is divided by f + -4 + 10 + -4?
6
Let b(k) = -7 + 3 - 2 - 46*k + 34*k. Let f be b(9). Let n = 165 + f. What is the remainder when n is divided by 13?
12
Let k(o) = -3*o - 29. Let n = -24 + 12. What is the remainder when 54 is divided by k(n)?
5
Suppose 0 = 6*s - 2*s - 272. Let y be 1/1 - 6*-1. Suppose -5*f = -y*f + 28. What is the remainder when s is divided by f?
12
Let q = -141 - -178. Calculate the remainder when q is divided by 14.
9
Suppose 0 = 3*s - 3*f - 6, 0 = -2*s - 2*f + 3*f + 7. Suppose 4*n - 72 = j, -s*n + 37 = -j - 53. What is the remainder when 69 is divided by n?
15
Let w = -14 + 21. Suppose 2*j - 1 = w. Suppose 0*x = -8*x + 56. What is the remainder when x is divided by j?
3
Let y = -461 - -505. Calculate the remainder when 351 is divided by y.
43
Suppose 0 = 6*m - 20 - 4. Suppose m*q - 40 = 4*f, 0*q + 4*q + f - 45 = 0. Suppose 5*w - 140 = -40. What is the remainder when w is divided by q?
9
Let r(i) = i**3 - 7*i**2 + 18*i + 9. Let z be 3/2*-2 - -11. Calculate the remainder when r(z) is divided by 44.
41
Let r(o) = o**3 + 18*o**2 + 13*o + 47. What is the remainder when 323 is divided by r(-17)?
93
Let v(k) = -2*k**3 - 58*k**2 + 3*k + 114. What is the remainder when v(-29) is divided by 15?
12
Let u(n) = -3*n**2 - 1